nder when 17 is divided by t(-5)?
2
Let m(y) = -y**2 + 11*y - 19. Let z be m(9). Let q(b) = 110*b**2 - b - 1. What is the remainder when q(z) is divided by 5/((-10)/(-56))*1?
26
Let k = -7 + 15. Let z be 5 - (-2 + -1 + 3). Suppose -2*j + 25 = c - z*j, 5*c - 153 = j. Calculate the remainder when c is divided by k.
7
Let v = 13 - -4. Let r(o) = -o + 25. Calculate the remainder when r(-5) is divided by v.
13
Suppose -2*h + 2*b = 4, -b - 2 + 1 = -2*h. Suppose x + 113 - 444 = -h*j, 125 = j + 4*x. Calculate the remainder when j is divided by 10.
9
Suppose -2*v + 150 = -46. Let s(l) = l**2 - 4*l + 4. Let j be s(4). Suppose 3*p = j*p - v. Calculate the remainder when p is divided by 25.
23
Suppose 0 = -4*y - 4*o + 16, -5*y + 5*o + 25 = -y. What is the remainder when 7 - (1/(-1) - 1) is divided by y?
4
Let c(d) = d**3 - 6*d**2 - 4*d - 10. Suppose -80 = 2*l - 278. Let g = -70 + l. What is the remainder when g is divided by c(7)?
7
Calculate the remainder when 45 is divided by (-22)/66 - 10/(-3).
0
Suppose 0 = -4*i + 5*m - 13, -2*i = -2*m - 1 + 7. Calculate the remainder when 107 is divided by 110/6 - (25/(-15) - i).
17
Suppose 465 = -2*w + 17*w. Let l = 4 + 5. What is the remainder when w is divided by l?
4
Suppose 4*z + 2*d + 0*d = 144, 0 = -4*z - 5*d + 132. Let i = z - 19. What is the remainder when i is divided by 10?
9
Let v(z) = z**3 - 10*z**2 + z - 1. Suppose 0 = 3*r - 28 - 38. Let l = r - 12. Calculate the remainder when 15 is divided by v(l).
6
Let n be (-2)/(-3) - 460/15. Calculate the remainder when 157 is divided by (-1)/1*n - -2.
29
Let w = 42 - 30. Suppose 170 = -w*h + 17*h. What is the remainder when 64 is divided by h?
30
Let p = 222 + -171. What is the remainder when 5/5 + -2 + 153 is divided by p?
50
Suppose -15 = 16*r - 79. What is the remainder when 66 is divided by r?
2
Let q be ((-54)/45)/(6/(-20)). Let u(x) = -x**3 + 4*x**2 + 3*x - 1. What is the remainder when u(q) is divided by 3?
2
Let f(x) = -x**2 + 20*x - 14. Let v(u) = -2*u - 6. Let s be v(0). Let w(c) = -c**3 - 6*c**2 - 4*c + 2. What is the remainder when f(7) is divided by w(s)?
25
Suppose 1924 + 1227 = 23*g. What is the remainder when 274 is divided by g?
0
Suppose -5*o = i + 4*i - 355, -2*o - 80 = -i. Let c = 93 + -54. Calculate the remainder when i is divided by c.
35
Let m be ((-15)/(-2))/(2/(-4)). Let b(x) = -x**2 - 17*x - 12. Calculate the remainder when 68 is divided by b(m).
14
Let r(s) = -s**2 - 41*s - 10. What is the remainder when 48 is divided by r(-40)?
18
Suppose -s = -14*m + 11*m - 55, -4*s + 193 = -3*m. Calculate the remainder when s is divided by 21.
4
Suppose 6*l - 21*l + 2385 = 0. Calculate the remainder when l is divided by 20.
19
Suppose 13*o - 288 = -11*o. Calculate the remainder when 490 is divided by o.
10
Suppose 54 = -6*p + 7*p - 3*g, 5*p + 2*g - 270 = 0. Let z = -4 - -1. Calculate the remainder when p is divided by (-13 + 2)*(2 + z).
10
Suppose -2*l = 5 + 15. Let m = l + 26. Calculate the remainder when m is divided by 9.
7
Suppose 0 = -5*j - 10, -10*j = 2*i - 11*j - 18. What is the remainder when 95 is divided by i?
7
Let b(i) = i**3 + 24*i**2 + 32*i + 13. What is the remainder when b(-22) is divided by 5?
2
Suppose y + 25 = 534. Calculate the remainder when y is divided by 15.
14
Let k be (-1)/(-7) + (-82)/(-14). Suppose 4*i - k*i = -16. Suppose -6*p + 3*p + 69 = 0. Calculate the remainder when p is divided by i.
7
Let i be (6/(-3))/(8/(-12)). Suppose -5*b + 34 = -0*b - 3*s, -3*s = i*b - 6. Calculate the remainder when 16 is divided by b.
1
Let p(t) = -t**2 - 6*t + 2. Suppose -42 = 4*b - 11*b. What is the remainder when p(-4) is divided by (4 - -1)*b/10?
1
Let s = 507 - 436. What is the remainder when 78 is divided by s?
7
Let n(g) = g**3 + 17*g**2 + 15*g + 31. What is the remainder when n(-15) is divided by 6?
4
Let h be 2 + (2/2 - -2). Suppose 0*p - 156 = -h*p - 2*t, 2*p = -t + 62. What is the remainder when 124 is divided by p?
28
Suppose 6*j + 318 = 8*j - 2*v, j - 151 = -3*v. What is the remainder when j is divided by 41?
34
Suppose -7*s = -0*s - s. Suppose s = 3*q + 8*q - 143. Calculate the remainder when 64 is divided by q.
12
Suppose -12*w - l + 161 = -7*w, -5*l - 53 = -w. Calculate the remainder when w is divided by 7.
5
Let h(u) = -5*u**2 + u - 9. Let b(r) = -14*r**2 + 3*r - 26. Let f(o) = 6*b(o) - 17*h(o). What is the remainder when f(-14) is divided by 36?
35
Let j(w) = 4*w. What is the remainder when 8/(120/155)*(-2 + 5) is divided by j(4)?
15
Let z(d) = 13*d - 95. Calculate the remainder when 34 is divided by z(9).
12
Let m = -415 - -429. Calculate the remainder when 24 is divided by m.
10
Let v(p) = -p**2 + 9. Let g be v(0). Suppose -4*i + 4 = -4*u, 3*i = -u + 6*i - g. Let a = 11 - u. Calculate the remainder when 21 is divided by a.
5
Let i(q) = q**3 - 2*q**2 - 3*q - 6. Let g be i(4). Calculate the remainder when (7/g)/(1 - 137/138) is divided by 24.
21
Suppose 0 = n + 4*m - 45, -2*m - 14 - 26 = -2*n. Suppose 0*a + 4*a = 4*d - 68, d = 3*a + 27. Let g = 26 - d. Calculate the remainder when n is divided by g.
11
Suppose 11*p - 56 = 54. What is the remainder when 207 is divided by p?
7
Calculate the remainder when (-4)/8 - (-666)/12 is divided by 12.
7
Let a = -438 - -454. Calculate the remainder when a is divided by 8.
0
Suppose 16*h - 13216 = 2*h. Calculate the remainder when h is divided by 43.
41
Let j = -54 - -69. Suppose -5*r = -p - 18 + 59, -j = 3*r. Calculate the remainder when 47 is divided by p.
15
Let s(b) = -b - 13. Let l be s(-9). What is the remainder when (-3 - (l - 15)) + -3 is divided by 4?
1
Suppose -3*y - 44 = -2*n, -y + 3 = 1. Suppose -245 = 5*l - 10*l. What is the remainder when l is divided by n?
24
Let y be -19 - 3/((-9)/(-3)). Let d = 23 + y. What is the remainder when 9 is divided by d?
0
Let m = -38 - -86. What is the remainder when m is divided by 10?
8
Let m = 625 - 610. Let v = 42 - 16. Calculate the remainder when v is divided by m.
11
What is the remainder when (-175)/(-6) + 100/(-24) + 4 is divided by (-7 - (-1 + -1))*-2?
9
Suppose -4*p + 340 = -156. Calculate the remainder when p is divided by 45.
34
Let y(d) = 12*d - 1. What is the remainder when 25 is divided by y(1)?
3
What is the remainder when (21/7)/((-57)/(-1843)) is divided by 24?
1
Let h(k) = k**2 + 2*k + 7. Let r be h(-5). Let o = 1 + r. Calculate the remainder when 41 is divided by o.
18
Suppose -33*s + 29*s = -772. What is the remainder when s is divided by 51?
40
Let x = 499 + -441. Suppose -10 = 4*r + 14. Let n(l) = l**2 + 2*l - 4. What is the remainder when x is divided by n(r)?
18
Let p = -15 - -40. Suppose 674*h - 192 = 662*h. What is the remainder when p is divided by h?
9
Let a(w) = w + 4. Let j be a(0). Let k = -257 + 288. Suppose -3*p + k = j*g + 9, 0 = -5*g + 5. Calculate the remainder when 34 is divided by p.
4
Let c(m) = 5*m**3 - 7*m**2 + 4*m - 5. Let b = 87 - 44. Calculate the remainder when b is divided by c(2).
13
Let k(j) = 31*j**2 + 3*j - 17. What is the remainder when k(3) is divided by 65?
11
Let u = 582 + -510. What is the remainder when 142 is divided by u?
70
Suppose -3*t = -d + 31 - 0, -3*d + t = -61. Suppose -3*l - 181*m = -180*m - 120, 4*l + 4*m - 160 = 0. Calculate the remainder when l is divided by d.
2
Let j(c) = -c**2 - c + 12. Let b = -13 + 23. Suppose 4*x + 20 = 2*i, -i + 2*x + b = 4*i. What is the remainder when 22 is divided by j(i)?
10
Let i be ((-1808)/(-24))/(1/3). Suppose -7*u = -68 - i. What is the remainder when 166 is divided by u?
40
Suppose -3*n = -5*b + 154, 114 = 5*b + 4*n - 54. Calculate the remainder when 94 is divided by b.
30
Calculate the remainder when 229 is divided by (0 + -120)*3/(-6).
49
Suppose 4*c + 9890 = 47*c. What is the remainder when c is divided by 71?
17
Let r = 25 + 26. Let j(a) = -107*a - 308. What is the remainder when r is divided by j(-3)?
12
Let w = -11 - -18. Let o(l) = 13 - 16*l - 2*l**2 + 3*l**2 + 5 + 2*l. What is the remainder when w is divided by o(13)?
2
Suppose -2*u + 6*u - 288 = 0. Let t = u + -43. Let m = t - -23. What is the remainder when m is divided by 27?
25
Calculate the remainder when ((-4)/(-8))/((-6)/(-1212)) is divided by 13.
10
Let d = 6 + -3. Suppose 0*q - d*q = -93. Calculate the remainder when q is divided by 86/(-344)*-2*16.
7
Suppose -q - 4*y 